of 12292566?
2
What is the tens digit of 82323?
2
What is the thousands digit of 2218164?
8
What is the hundreds digit of 32146?
1
What is the hundred thousands digit of 612282?
6
What is the units digit of 70958?
8
What is the hundreds digit of 329329?
3
What is the thousands digit of 264971?
4
What is the hundreds digit of 2473903?
9
What is the ten thousands digit of 1450485?
5
What is the hundreds digit of 510997?
9
What is the tens digit of 4257321?
2
What is the millions digit of 5726728?
5
What is the thousands digit of 193739?
3
What is the hundreds digit of 363766?
7
What is the thousands digit of 761036?
1
What is the units digit of 1582065?
5
What is the units digit of 1567969?
9
What is the hundred thousands digit of 3161341?
1
What is the thousands digit of 2286267?
6
What is the hundred thousands digit of 9939303?
9
What is the tens digit of 1171672?
7
What is the tens digit of 1183735?
3
What is the ten thousands digit of 530130?
3
What is the hundred thousands digit of 177604?
1
What is the thousands digit of 1051134?
1
What is the units digit of 2129369?
9
What is the tens digit of 275131?
3
What is the hundreds digit of 163554?
5
What is the hundreds digit of 4206059?
0
What is the millions digit of 5081623?
5
What is the thousands digit of 2742784?
2
What is the ten thousands digit of 2963197?
6
What is the thousands digit of 371800?
1
What is the hundreds digit of 31816?
8
What is the ten thousands digit of 4206511?
0
What is the ten thousands digit of 964683?
6
What is the units digit of 4538720?
0
What is the tens digit of 91411?
1
What is the thousands digit of 1634466?
4
What is the hundred thousands digit of 146442?
1
What is the millions digit of 25540643?
5
What is the hundred thousands digit of 190906?
1
What is the thousands digit of 148972?
8
What is the thousands digit of 5249105?
9
What is the hundred thousands digit of 305921?
3
What is the hundreds digit of 458958?
9
What is the thousands digit of 1273770?
3
What is the hundred thousands digit of 494399?
4
What is the hundred thousands digit of 758548?
7
What is the thousands digit of 11162507?
2
What is the units digit of 402774?
4
What is the units digit of 1050116?
6
What is the tens digit of 1071730?
3
What is the hundred thousands digit of 626452?
6
What is the millions digit of 1868624?
1
What is the ten thousands digit of 229259?
2
What is the millions digit of 3923987?
3
What is the hundred thousands digit of 446548?
4
What is the hundred thousands digit of 292876?
2
What is the thousands digit of 824795?
4
What is the ten thousands digit of 2362779?
6
What is the thousands digit of 5651351?
1
What is the units digit of 254464?
4
What is the millions digit of 9853679?
9
What is the units digit of 7087?
7
What is the thousands digit of 39662?
9
What is the hundreds digit of 316290?
2
What is the hundreds digit of 973531?
5
What is the hundreds digit of 184719?
7
What is the hundred thousands digit of 8561293?
5
What is the hundreds digit of 2524538?
5
What is the millions digit of 1224857?
1
What is the thousands digit of 22880997?
0
What is the units digit of 542344?
4
What is the hundreds digit of 2557163?
1
What is the hundreds digit of 1019146?
1
What is the tens digit of 205077?
7
What is the ten thousands digit of 1545536?
4
What is the ten thousands digit of 499435?
9
What is the thousands digit of 21088615?
8
What is the ten thousands digit of 9060568?
6
What is the ten millions digit of 10887570?
1
What is the hundreds digit of 2149882?
8
What is the hundred thousands digit of 9322891?
3
What is the hundreds digit of 3687761?
7
What is the hundreds digit of 54138?
1
What is the thousands digit of 1598623?
8
What is the millions digit of 15949991?
5
What is the hundred thousands digit of 995212?
9
What is the tens digit of 859882?
8
What is the thousands digit of 158072?
8
What is the millions digit of 26095491?
6
What is the ten thousands digit of 519617?
1
What is the tens digit of 2495794?
9
What is the ten millions digit of 11458086?
1
What is the units digit of 138192?
2
What is the units digit of 87124?
4
What is the units digit of 1941005?
5
What is the hundreds digit of 160488?
4
What is the tens digit of 1225938?
3
What is the millions digit of 12052931?
2
What is the hundreds digit of 2651819?
8
What is the ten millions digit of 26277461?
2
What is the units digit of 167887?
7
What is the hundreds digit of 1569890?
8
What is the thousands digit of 5540332?
0
What is the tens digit of 6604706?
0
What is the tens digit of 1396379?
7
What is the hundreds digit of 11949662?
6
What is the hundreds digit of 9560399?
3
What is the hundred thousands digit of 1502817?
5
What is the tens digit of 318798?
9
What is the tens digit of 2109425?
2
What is the millions digit of 2484460?
2
What is the units digit of 345564?
4
What is the ten millions digit of 11041086?
1
What is the thousands digit of 7249918?
9
What is the ten thousands digit of 4341568?
4
What is the units digit of 4882844?
4
What is the thousands digit of 6724164?
4
What is the ten thousands digit of 9576887?
7
What is the millions digit of 2591963?
2
What is the units digit of 293147?
7
What is the thousands digit of 237128?
7
What is the tens digit of 8689834?
3
What is the millions digit of 1027706?
1
What is the hundred thousands digit of 184617?
1
What is the thousands digit of 308248?
8
What is the hundreds digit of 167662?
6
What is the tens digit of 7989825?
2
What is the tens digit of 832091?
9
What is the hundred thousands digit of 907308?
9
What is the thousands digit of 2633106?
3
What is the hundred thousands digit of 146418?
1
What is the ten thousands digit of 909381?
0
What is the tens digit of 743417?
1
What is the hundreds digit of 1489?
4
What is the thousands digit of 25517793?
7
What is the tens digit of 223513?
1
What is the millions digit of 2737707?
2
What is the units digit of 17445383?
3
What is the units digit of 5243491?
1
What is the hundreds digit of 568127?
1
What is the units digit of 1182194?
4
What is the hundred thousands digit of 584916?
5
What is the millions digit of 3710075?
3
What is the tens digit of 731700?
0
What is the ten thousands digit of 112790?
1
What is the hundreds digit of 200409?
4
What is the tens digit of 5703?
0
What is the tens digit of 2631948?
4
What is the hundreds digit of 234613?
6
What is the units digit of 702228?
8
What is the thousands digit of 43045?
3
What is the hundred thousands digit of 31326026?
3
What is the tens digit of 2037311?
1
What is the millions digit of 3295229?
3
What is the hundred thousands digit of 364815?
3
What is the units digit of 1251446?
6
What is the units digit of 273301?
1
What is the hundreds digit of 19354133?
1
What is the millions digit of 2051837?
2
What is the hundreds digit of 8548051?
0
What is the millions digit of 1530728?
1
What is the hundreds digit of 68721?
7
What is the units digit of 16983508?
8
What is the tens digit of 9631770?
7
What is the hundred thousands digit of 344872?
3
What is the hundreds digit of 1597228?
2
What is the hundred thousands digit of 12656799?
6
What is the thousands digit of 1804387?
4
What is the ten thousands digit of 357458?
5
What is the tens digit of 495722?
2
What is the thousands digit of 223004?
3
What is the ten thousands digit of 1462138?
6
What is the hundreds digit of 236692?
6
What is the hundreds digit of 688633?
6
What is the hundred thousands digit of 255845?
2
What is the tens digit of 8408533?
3
What is the thousands digit of 9023?
9
What is the thousands digit of 19337003?
7
What is the millions digit of 2027346?
2
What is the ten thousands digit of 841649?
4
What is the ten thousands digit of 955525?
5
What is the tens digit of 823023?
2
What is the hundred thousands digit of 7727168?
7
What is the ten thousands digit of 10863182?
6
What is the tens digit of 222199?
9
What is the ten thousands digit of 391115?
9
What is the tens digit of 2053014?
1
What is the ten thousands digit of 90166?
9
What is the units digit of 413811?
1
What is the units digit of 8858677?
7
What is the thousands digit of 17167?
7
What is the hundred thousands digit of 1108119?
1
What is the ten thousands digit of 5514804?
1
What is the tens digit of